{"id":1548,"date":"2024-10-31T10:11:48","date_gmt":"2024-10-31T13:11:48","guid":{"rendered":"https:\/\/santacasa.org.br\/prevencao\/?page_id=1548"},"modified":"2024-11-01T11:50:06","modified_gmt":"2024-11-01T14:50:06","slug":"fatores-de-risco-novembro-azul","status":"publish","type":"page","link":"https:\/\/santacasa.org.br\/prevencao\/fatores-de-risco-novembro-azul\/","title":{"rendered":"Fatores de Risco &#8211; Novembro Azul"},"content":{"rendered":"\t\t<div data-elementor-type=\"wp-page\" data-elementor-id=\"1548\" class=\"elementor elementor-1548\">\n\t\t\t\t<div class=\"elementor-element elementor-element-209a3d1 e-con-full elementor-hidden-desktop elementor-hidden-tablet e-flex e-con e-parent\" data-id=\"209a3d1\" data-element_type=\"container\">\n\t\t\t\t<div class=\"elementor-element elementor-element-f7b9c15 elementor-widget elementor-widget-image\" data-id=\"f7b9c15\" data-element_type=\"widget\" data-widget_type=\"image.default\">\n\t\t\t\t<div class=\"elementor-widget-container\">\n\t\t\t\t\t\t\t\t\t\t\t\t\t\t\t<img fetchpriority=\"high\" decoding=\"async\" width=\"2085\" height=\"1251\" src=\"https:\/\/santacasa.org.br\/prevencao\/wp-content\/uploads\/2024\/11\/Banner-LP-mobile@72x-100.jpg\" class=\"attachment-full size-full wp-image-1634\" alt=\"\" srcset=\"https:\/\/santacasa.org.br\/prevencao\/wp-content\/uploads\/2024\/11\/Banner-LP-mobile@72x-100.jpg 2085w, https:\/\/santacasa.org.br\/prevencao\/wp-content\/uploads\/2024\/11\/Banner-LP-mobile@72x-100-300x180.jpg 300w, https:\/\/santacasa.org.br\/prevencao\/wp-content\/uploads\/2024\/11\/Banner-LP-mobile@72x-100-1024x614.jpg 1024w, https:\/\/santacasa.org.br\/prevencao\/wp-content\/uploads\/2024\/11\/Banner-LP-mobile@72x-100-768x461.jpg 768w, https:\/\/santacasa.org.br\/prevencao\/wp-content\/uploads\/2024\/11\/Banner-LP-mobile@72x-100-1536x922.jpg 1536w, https:\/\/santacasa.org.br\/prevencao\/wp-content\/uploads\/2024\/11\/Banner-LP-mobile@72x-100-2048x1229.jpg 2048w\" sizes=\"(max-width: 2085px) 100vw, 2085px\" \/>\t\t\t\t\t\t\t\t\t\t\t\t\t\t\t<\/div>\n\t\t\t\t<\/div>\n\t\t\t\t<\/div>\n\t\t<div class=\"elementor-element elementor-element-305cc75 e-con-full elementor-hidden-mobile e-flex e-con e-parent\" data-id=\"305cc75\" data-element_type=\"container\">\n\t\t\t\t<div class=\"elementor-element elementor-element-02eaed9 elementor-widget elementor-widget-image\" data-id=\"02eaed9\" data-element_type=\"widget\" data-widget_type=\"image.default\">\n\t\t\t\t<div class=\"elementor-widget-container\">\n\t\t\t\t\t\t\t\t\t\t\t\t\t\t\t<img decoding=\"async\" width=\"2201\" height=\"551\" src=\"https:\/\/santacasa.org.br\/prevencao\/wp-content\/uploads\/2024\/10\/banner-LP@72x-100.jpg\" class=\"attachment-full size-full wp-image-1600\" alt=\"\" srcset=\"https:\/\/santacasa.org.br\/prevencao\/wp-content\/uploads\/2024\/10\/banner-LP@72x-100.jpg 2201w, https:\/\/santacasa.org.br\/prevencao\/wp-content\/uploads\/2024\/10\/banner-LP@72x-100-300x75.jpg 300w, https:\/\/santacasa.org.br\/prevencao\/wp-content\/uploads\/2024\/10\/banner-LP@72x-100-1024x256.jpg 1024w, https:\/\/santacasa.org.br\/prevencao\/wp-content\/uploads\/2024\/10\/banner-LP@72x-100-768x192.jpg 768w, https:\/\/santacasa.org.br\/prevencao\/wp-content\/uploads\/2024\/10\/banner-LP@72x-100-1536x385.jpg 1536w, https:\/\/santacasa.org.br\/prevencao\/wp-content\/uploads\/2024\/10\/banner-LP@72x-100-2048x513.jpg 2048w\" sizes=\"(max-width: 2201px) 100vw, 2201px\" \/>\t\t\t\t\t\t\t\t\t\t\t\t\t\t\t<\/div>\n\t\t\t\t<\/div>\n\t\t\t\t<\/div>\n\t\t<div class=\"elementor-element elementor-element-29e65e4 elementor-hidden-mobile e-flex e-con-boxed e-con e-parent\" data-id=\"29e65e4\" data-element_type=\"container\" data-settings=\"{&quot;background_background&quot;:&quot;classic&quot;}\">\n\t\t\t\t\t<div class=\"e-con-inner\">\n\t\t\t\t<div class=\"elementor-element elementor-element-264d47e elementor-widget elementor-widget-text-editor\" data-id=\"264d47e\" data-element_type=\"widget\" data-widget_type=\"text-editor.default\">\n\t\t\t\t<div class=\"elementor-widget-container\">\n\t\t\t\t\t\t\t\t\t<p><br><\/p><p>Fatores de Risco<\/p>\t\t\t\t\t\t\t\t<\/div>\n\t\t\t\t<\/div>\n\t\t\t\t\t<\/div>\n\t\t\t\t<\/div>\n\t\t<div class=\"elementor-element elementor-element-e42f34e elementor-hidden-mobile e-flex e-con-boxed e-con e-parent\" data-id=\"e42f34e\" data-element_type=\"container\" data-settings=\"{&quot;background_background&quot;:&quot;classic&quot;}\">\n\t\t\t\t\t<div class=\"e-con-inner\">\n\t\t\t\t<div class=\"elementor-element elementor-element-42de794 elementor-widget elementor-widget-text-editor\" data-id=\"42de794\" data-element_type=\"widget\" data-widget_type=\"text-editor.default\">\n\t\t\t\t<div class=\"elementor-widget-container\">\n\t\t\t\t\t\t\t\t\t<ul><li>Idade: O risco aumenta significativamente ap\u00f3s os 50 anos, com a maioria dos casos diagnosticados em homens acima de 65 anos.<br \/><br \/><\/li><li>Hist\u00f3rico familiar: Ter um pai ou irm\u00e3o que teve c\u00e2ncer de pr\u00f3stata aumenta o risco.<br \/><br \/><\/li><li>Etnia: Homens afro-americanos t\u00eam um risco maior de desenvolver c\u00e2ncer de pr\u00f3stata e tendem a ter formas mais agressivas da doen\u00e7a.<br \/><br \/><\/li><li>Dieta: Uma dieta rica em gordura animal e carnes processadas pode estar associada a um maior risco.<br \/><br \/><\/li><li>Obesidade: Homens obesos t\u00eam maior probabilidade de desenvolver c\u00e2ncer de pr\u00f3stata e de ter formas mais agressivas da doen\u00e7a.<br \/><br \/><\/li><li>Exposi\u00e7\u00e3o a subst\u00e2ncias qu\u00edmicas: Algumas pesquisas sugerem que a exposi\u00e7\u00e3o a certos produtos qu\u00edmicos, como agrot\u00f3xicos e metais pesados, pode aumentar o risco.<br \/><br \/><\/li><li>Doen\u00e7as inflamat\u00f3rias da pr\u00f3stata: Condi\u00e7\u00f5es como prostatite cr\u00f4nica podem estar associadas a um maior risco embora seja assunto controverso.<\/li><\/ul><p>\u00a0<\/p><ul><li>Hist\u00f3rico de c\u00e2ncer: Homens que j\u00e1 tiveram outros tipos de c\u00e2ncer, como c\u00e2ncer de test\u00edculo, podem ter um risco aumentado.<\/li><\/ul><p>\u00a0<\/p>\t\t\t\t\t\t\t\t<\/div>\n\t\t\t\t<\/div>\n\t\t\t\t\t<\/div>\n\t\t\t\t<\/div>\n\t\t<div class=\"elementor-element elementor-element-e47e766 elementor-hidden-desktop elementor-hidden-tablet e-flex e-con-boxed e-con e-parent\" data-id=\"e47e766\" data-element_type=\"container\" data-settings=\"{&quot;background_background&quot;:&quot;classic&quot;}\">\n\t\t\t\t\t<div class=\"e-con-inner\">\n\t\t\t\t<div class=\"elementor-element elementor-element-4c275ca elementor-widget elementor-widget-text-editor\" data-id=\"4c275ca\" data-element_type=\"widget\" data-widget_type=\"text-editor.default\">\n\t\t\t\t<div class=\"elementor-widget-container\">\n\t\t\t\t\t\t\t\t\t<p><br><\/p><p>Fatores de Risco<\/p>\t\t\t\t\t\t\t\t<\/div>\n\t\t\t\t<\/div>\n\t\t\t\t\t<\/div>\n\t\t\t\t<\/div>\n\t\t<div class=\"elementor-element elementor-element-02578f5 elementor-hidden-desktop elementor-hidden-tablet e-flex e-con-boxed e-con e-parent\" data-id=\"02578f5\" data-element_type=\"container\" data-settings=\"{&quot;background_background&quot;:&quot;classic&quot;}\">\n\t\t\t\t\t<div class=\"e-con-inner\">\n\t\t\t\t<div class=\"elementor-element elementor-element-878fe6c elementor-widget elementor-widget-text-editor\" data-id=\"878fe6c\" data-element_type=\"widget\" data-widget_type=\"text-editor.default\">\n\t\t\t\t<div class=\"elementor-widget-container\">\n\t\t\t\t\t\t\t\t\t<ul><li>Idade: O risco aumenta significativamente ap\u00f3s os 50 anos, com a maioria dos casos diagnosticados em homens acima de 65 anos.<br \/><br \/><\/li><li>Hist\u00f3rico familiar: Ter um pai ou irm\u00e3o que teve c\u00e2ncer de pr\u00f3stata aumenta o risco.<br \/><br \/><\/li><li>Etnia: Homens afro-americanos t\u00eam um risco maior de desenvolver c\u00e2ncer de pr\u00f3stata e tendem a ter formas mais agressivas da doen\u00e7a.<br \/><br \/><\/li><li>Dieta: Uma dieta rica em gordura animal e carnes processadas pode estar associada a um maior risco.<br \/><br \/><\/li><li>Obesidade: Homens obesos t\u00eam maior probabilidade de desenvolver c\u00e2ncer de pr\u00f3stata e de ter formas mais agressivas da doen\u00e7a.<br \/><br \/><\/li><li>Exposi\u00e7\u00e3o a subst\u00e2ncias qu\u00edmicas: Algumas pesquisas sugerem que a exposi\u00e7\u00e3o a certos produtos qu\u00edmicos, como agrot\u00f3xicos e metais pesados, pode aumentar o risco.<br \/><br \/><\/li><li>Doen\u00e7as inflamat\u00f3rias da pr\u00f3stata: Condi\u00e7\u00f5es como prostatite cr\u00f4nica podem estar associadas a um maior risco embora seja assunto controverso.<\/li><\/ul><p>\u00a0<\/p><ul><li>Hist\u00f3rico de c\u00e2ncer: Homens que j\u00e1 tiveram outros tipos de c\u00e2ncer, como c\u00e2ncer de test\u00edculo, podem ter um risco aumentado.<\/li><\/ul><p>\u00a0<\/p>\t\t\t\t\t\t\t\t<\/div>\n\t\t\t\t<\/div>\n\t\t\t\t\t<\/div>\n\t\t\t\t<\/div>\n\t\t<div class=\"elementor-element elementor-element-19a94437 e-flex e-con-boxed e-con e-parent\" data-id=\"19a94437\" data-element_type=\"container\" data-settings=\"{&quot;background_background&quot;:&quot;classic&quot;}\">\n\t\t\t\t\t<div class=\"e-con-inner\">\n\t\t<div class=\"elementor-element elementor-element-9970673 e-con-full e-flex e-con e-child\" data-id=\"9970673\" data-element_type=\"container\">\n\t\t\t\t<div class=\"elementor-element elementor-element-490ca0d0 elementor-widget elementor-widget-text-editor\" data-id=\"490ca0d0\" data-element_type=\"widget\" data-widget_type=\"text-editor.default\">\n\t\t\t\t<div class=\"elementor-widget-container\">\n\t\t\t\t\t\t\t\t\t<p>Santa Casa de Porto Alegre<br \/>\u00a9 2023 Todos os direitos reservados.<\/p>\t\t\t\t\t\t\t\t<\/div>\n\t\t\t\t<\/div>\n\t\t\t\t<\/div>\n\t\t<div class=\"elementor-element elementor-element-6eacbd48 e-con-full e-flex e-con e-child\" data-id=\"6eacbd48\" data-element_type=\"container\">\n\t\t\t\t<div class=\"elementor-element elementor-element-3a7cc7c9 elementor-widget elementor-widget-text-editor\" data-id=\"3a7cc7c9\" data-element_type=\"widget\" data-widget_type=\"text-editor.default\">\n\t\t\t\t<div class=\"elementor-widget-container\">\n\t\t\t\t\t\t\t\t\t<p><strong>Central de Agendamento<br \/><\/strong>(51) 3214-8000<br \/>Rua Professor Annes Dias, 295<br \/>Centro Hist\u00f3rico, Porto Alegre &#8211; RS<br \/>CEP 90020-090<\/p>\t\t\t\t\t\t\t\t<\/div>\n\t\t\t\t<\/div>\n\t\t\t\t<\/div>\n\t\t<div class=\"elementor-element elementor-element-69bdad91 e-con-full e-flex e-con e-child\" data-id=\"69bdad91\" data-element_type=\"container\">\n\t\t\t\t<div class=\"elementor-element elementor-element-5ea6e59 elementor-widget elementor-widget-image\" data-id=\"5ea6e59\" data-element_type=\"widget\" data-widget_type=\"image.default\">\n\t\t\t\t<div class=\"elementor-widget-container\">\n\t\t\t\t\t\t\t\t\t\t\t\t\t\t\t<img decoding=\"async\" width=\"800\" height=\"800\" src=\"https:\/\/santacasa.org.br\/prevencao\/wp-content\/uploads\/2024\/09\/Design-sem-nome-2024-09-30T161707.219.png\" class=\"attachment-large size-large wp-image-1230\" alt=\"\" srcset=\"https:\/\/santacasa.org.br\/prevencao\/wp-content\/uploads\/2024\/09\/Design-sem-nome-2024-09-30T161707.219.png 1000w, https:\/\/santacasa.org.br\/prevencao\/wp-content\/uploads\/2024\/09\/Design-sem-nome-2024-09-30T161707.219-300x300.png 300w, https:\/\/santacasa.org.br\/prevencao\/wp-content\/uploads\/2024\/09\/Design-sem-nome-2024-09-30T161707.219-150x150.png 150w, https:\/\/santacasa.org.br\/prevencao\/wp-content\/uploads\/2024\/09\/Design-sem-nome-2024-09-30T161707.219-768x768.png 768w\" sizes=\"(max-width: 800px) 100vw, 800px\" \/>\t\t\t\t\t\t\t\t\t\t\t\t\t\t\t<\/div>\n\t\t\t\t<\/div>\n\t\t\t\t<\/div>\n\t\t\t\t\t<\/div>\n\t\t\t\t<\/div>\n\t\t\t\t<\/div>\n\t\t","protected":false},"excerpt":{"rendered":"<p>Fatores de Risco Idade: O risco aumenta significativamente ap\u00f3s os 50 anos, com a maioria dos casos diagnosticados em homens acima de 65 anos. Hist\u00f3rico familiar: Ter um pai ou irm\u00e3o que teve c\u00e2ncer de pr\u00f3stata aumenta o risco. Etnia: Homens afro-americanos t\u00eam um risco maior de desenvolver c\u00e2ncer de pr\u00f3stata e tendem a ter [&hellip;]<\/p>\n","protected":false},"author":1,"featured_media":0,"parent":0,"menu_order":0,"comment_status":"closed","ping_status":"closed","template":"","meta":{"footnotes":""},"class_list":["post-1548","page","type-page","status-publish","hentry"],"_links":{"self":[{"href":"https:\/\/santacasa.org.br\/prevencao\/wp-json\/wp\/v2\/pages\/1548","targetHints":{"allow":["GET"]}}],"collection":[{"href":"https:\/\/santacasa.org.br\/prevencao\/wp-json\/wp\/v2\/pages"}],"about":[{"href":"https:\/\/santacasa.org.br\/prevencao\/wp-json\/wp\/v2\/types\/page"}],"author":[{"embeddable":true,"href":"https:\/\/santacasa.org.br\/prevencao\/wp-json\/wp\/v2\/users\/1"}],"replies":[{"embeddable":true,"href":"https:\/\/santacasa.org.br\/prevencao\/wp-json\/wp\/v2\/comments?post=1548"}],"version-history":[{"count":13,"href":"https:\/\/santacasa.org.br\/prevencao\/wp-json\/wp\/v2\/pages\/1548\/revisions"}],"predecessor-version":[{"id":1718,"href":"https:\/\/santacasa.org.br\/prevencao\/wp-json\/wp\/v2\/pages\/1548\/revisions\/1718"}],"wp:attachment":[{"href":"https:\/\/santacasa.org.br\/prevencao\/wp-json\/wp\/v2\/media?parent=1548"}],"curies":[{"name":"wp","href":"https:\/\/api.w.org\/{rel}","templated":true}]}}