{"id":1560,"date":"2024-10-31T10:21:45","date_gmt":"2024-10-31T13:21:45","guid":{"rendered":"https:\/\/santacasa.org.br\/prevencao\/?page_id=1560"},"modified":"2024-11-01T11:54:06","modified_gmt":"2024-11-01T14:54:06","slug":"tratamentos-novembro-azul","status":"publish","type":"page","link":"https:\/\/santacasa.org.br\/prevencao\/tratamentos-novembro-azul\/","title":{"rendered":"Tratamentos &#8211; Novembro Azul"},"content":{"rendered":"\t\t<div data-elementor-type=\"wp-page\" data-elementor-id=\"1560\" class=\"elementor elementor-1560\">\n\t\t\t\t<div class=\"elementor-element elementor-element-f841220 e-con-full elementor-hidden-desktop elementor-hidden-tablet e-flex e-con e-parent\" data-id=\"f841220\" data-element_type=\"container\">\n\t\t\t\t<div class=\"elementor-element elementor-element-9ee10f7 elementor-widget elementor-widget-image\" data-id=\"9ee10f7\" data-element_type=\"widget\" data-widget_type=\"image.default\">\n\t\t\t\t<div class=\"elementor-widget-container\">\n\t\t\t\t\t\t\t\t\t\t\t\t\t\t\t<img fetchpriority=\"high\" decoding=\"async\" width=\"2085\" height=\"1251\" src=\"https:\/\/santacasa.org.br\/prevencao\/wp-content\/uploads\/2024\/11\/Banner-LP-mobile@72x-100.jpg\" class=\"attachment-full size-full wp-image-1634\" alt=\"\" srcset=\"https:\/\/santacasa.org.br\/prevencao\/wp-content\/uploads\/2024\/11\/Banner-LP-mobile@72x-100.jpg 2085w, https:\/\/santacasa.org.br\/prevencao\/wp-content\/uploads\/2024\/11\/Banner-LP-mobile@72x-100-300x180.jpg 300w, https:\/\/santacasa.org.br\/prevencao\/wp-content\/uploads\/2024\/11\/Banner-LP-mobile@72x-100-1024x614.jpg 1024w, https:\/\/santacasa.org.br\/prevencao\/wp-content\/uploads\/2024\/11\/Banner-LP-mobile@72x-100-768x461.jpg 768w, https:\/\/santacasa.org.br\/prevencao\/wp-content\/uploads\/2024\/11\/Banner-LP-mobile@72x-100-1536x922.jpg 1536w, https:\/\/santacasa.org.br\/prevencao\/wp-content\/uploads\/2024\/11\/Banner-LP-mobile@72x-100-2048x1229.jpg 2048w\" sizes=\"(max-width: 2085px) 100vw, 2085px\" \/>\t\t\t\t\t\t\t\t\t\t\t\t\t\t\t<\/div>\n\t\t\t\t<\/div>\n\t\t\t\t<\/div>\n\t\t<div class=\"elementor-element elementor-element-39b8590 e-con-full elementor-hidden-mobile e-flex e-con e-parent\" data-id=\"39b8590\" data-element_type=\"container\">\n\t\t\t\t<div class=\"elementor-element elementor-element-41ca604 elementor-widget elementor-widget-image\" data-id=\"41ca604\" data-element_type=\"widget\" data-widget_type=\"image.default\">\n\t\t\t\t<div class=\"elementor-widget-container\">\n\t\t\t\t\t\t\t\t\t\t\t\t\t\t\t<img decoding=\"async\" width=\"2201\" height=\"551\" src=\"https:\/\/santacasa.org.br\/prevencao\/wp-content\/uploads\/2024\/10\/banner-LP@72x-100.jpg\" class=\"attachment-full size-full wp-image-1600\" alt=\"\" srcset=\"https:\/\/santacasa.org.br\/prevencao\/wp-content\/uploads\/2024\/10\/banner-LP@72x-100.jpg 2201w, https:\/\/santacasa.org.br\/prevencao\/wp-content\/uploads\/2024\/10\/banner-LP@72x-100-300x75.jpg 300w, https:\/\/santacasa.org.br\/prevencao\/wp-content\/uploads\/2024\/10\/banner-LP@72x-100-1024x256.jpg 1024w, https:\/\/santacasa.org.br\/prevencao\/wp-content\/uploads\/2024\/10\/banner-LP@72x-100-768x192.jpg 768w, https:\/\/santacasa.org.br\/prevencao\/wp-content\/uploads\/2024\/10\/banner-LP@72x-100-1536x385.jpg 1536w, https:\/\/santacasa.org.br\/prevencao\/wp-content\/uploads\/2024\/10\/banner-LP@72x-100-2048x513.jpg 2048w\" sizes=\"(max-width: 2201px) 100vw, 2201px\" \/>\t\t\t\t\t\t\t\t\t\t\t\t\t\t\t<\/div>\n\t\t\t\t<\/div>\n\t\t\t\t<\/div>\n\t\t<div class=\"elementor-element elementor-element-503f435 elementor-hidden-mobile e-flex e-con-boxed e-con e-parent\" data-id=\"503f435\" data-element_type=\"container\" data-settings=\"{&quot;background_background&quot;:&quot;classic&quot;}\">\n\t\t\t\t\t<div class=\"e-con-inner\">\n\t\t\t\t<div class=\"elementor-element elementor-element-ae9adca elementor-widget elementor-widget-text-editor\" data-id=\"ae9adca\" data-element_type=\"widget\" data-widget_type=\"text-editor.default\">\n\t\t\t\t<div class=\"elementor-widget-container\">\n\t\t\t\t\t\t\t\t\t<p><br><\/p><p>Tratamentos<\/p>\t\t\t\t\t\t\t\t<\/div>\n\t\t\t\t<\/div>\n\t\t\t\t\t<\/div>\n\t\t\t\t<\/div>\n\t\t<div class=\"elementor-element elementor-element-715c8c0 elementor-hidden-mobile e-flex e-con-boxed e-con e-parent\" data-id=\"715c8c0\" data-element_type=\"container\" data-settings=\"{&quot;background_background&quot;:&quot;classic&quot;}\">\n\t\t\t\t\t<div class=\"e-con-inner\">\n\t\t\t\t<div class=\"elementor-element elementor-element-3788165 elementor-widget elementor-widget-text-editor\" data-id=\"3788165\" data-element_type=\"widget\" data-widget_type=\"text-editor.default\">\n\t\t\t\t<div class=\"elementor-widget-container\">\n\t\t\t\t\t\t\t\t\t<ul>\n<li>Vigil\u00e2ncia ativa: Para casos de c\u00e2ncer de pr\u00f3stata de baixo risco e crescimento lento, o m\u00e9dico pode optar por monitorar a condi\u00e7\u00e3o com exames regulares, sem tratamento imediato.\n<br><br><\/li>\n<li>Cirurgia: A prostatectomia radical envolve a remo\u00e7\u00e3o da pr\u00f3stata e ves\u00edculas seminais e os linfonodos op\u00e7\u00e3o comum para c\u00e2ncer localizado.\n<br><br><\/li>\n<li>Radioterapia: Pode ser externa (feixes de radia\u00e7\u00e3o direcionados ao tumor) ou interna (braquiterapia, onde sementes radioativas s\u00e3o implantadas na pr\u00f3stata). \u00c9 usada para tratar c\u00e2ncer localizado ou avan\u00e7ado.\n<br><br><\/li>\n<li>Hormonioterapia geralmente utilizada como adjuvante no tratamento em alguns casos e em casos de doen\u00e7a avan\u00e7ada (met\u00e1stases).<br><br><\/li>\n<li>Quimioterapia: Utilizada principalmente para c\u00e2nceres mais avan\u00e7ados ou quando outros tratamentos n\u00e3o funcionam. Envolve o uso de medicamentos para matar c\u00e9lulas cancer\u00edgenas.\n<br><br><\/li>\n<li>Terapias direcionadas e imunoterapia: Novas op\u00e7\u00f5es que visam especificamente caracter\u00edsticas do c\u00e2ncer ou ajudam o sistema imunol\u00f3gico a combater a doen\u00e7a.\n<br><br><\/li>\n<li>Tratamentos experimentais: Ensaios cl\u00ednicos podem oferecer acesso a novas terapias em desenvolvimento.<br><br>O tratamento correto do c\u00e2ncer de pr\u00f3stata \u00e9 essencial para preservar a qualidade da vida sexual. Tecnologias avan\u00e7adas e minimamente invasivas, como a cirurgia rob\u00f3tica, auxiliam na recupera\u00e7\u00e3o do paciente, reduzindo tamb\u00e9m os riscos de incontin\u00eancia urin\u00e1ria e disfun\u00e7\u00e3o er\u00e9til. A retomada da ere\u00e7\u00e3o depende de v\u00e1rios fatores, incluindo os cuidados ap\u00f3s a cirurgia, a idade do paciente e o est\u00e1gio da doen\u00e7a. Consulte seu m\u00e9dico para orienta\u00e7\u00f5es.<br><br><br><\/li>\n<\/ul>\t\t\t\t\t\t\t\t<\/div>\n\t\t\t\t<\/div>\n\t\t\t\t\t<\/div>\n\t\t\t\t<\/div>\n\t\t<div class=\"elementor-element elementor-element-c4dc19a elementor-hidden-desktop elementor-hidden-tablet e-flex e-con-boxed e-con e-parent\" data-id=\"c4dc19a\" data-element_type=\"container\" data-settings=\"{&quot;background_background&quot;:&quot;classic&quot;}\">\n\t\t\t\t\t<div class=\"e-con-inner\">\n\t\t\t\t<div class=\"elementor-element elementor-element-fcad78c elementor-widget elementor-widget-text-editor\" data-id=\"fcad78c\" data-element_type=\"widget\" data-widget_type=\"text-editor.default\">\n\t\t\t\t<div class=\"elementor-widget-container\">\n\t\t\t\t\t\t\t\t\t<p><br><\/p><p>Tratamentos<\/p>\t\t\t\t\t\t\t\t<\/div>\n\t\t\t\t<\/div>\n\t\t\t\t\t<\/div>\n\t\t\t\t<\/div>\n\t\t<div class=\"elementor-element elementor-element-9f8de0b elementor-hidden-desktop elementor-hidden-tablet e-flex e-con-boxed e-con e-parent\" data-id=\"9f8de0b\" data-element_type=\"container\" data-settings=\"{&quot;background_background&quot;:&quot;classic&quot;}\">\n\t\t\t\t\t<div class=\"e-con-inner\">\n\t\t\t\t<div class=\"elementor-element elementor-element-33b3af2 elementor-widget elementor-widget-text-editor\" data-id=\"33b3af2\" data-element_type=\"widget\" data-widget_type=\"text-editor.default\">\n\t\t\t\t<div class=\"elementor-widget-container\">\n\t\t\t\t\t\t\t\t\t<ul>\n<li>Vigil\u00e2ncia ativa: Para casos de c\u00e2ncer de pr\u00f3stata de baixo risco e crescimento lento, o m\u00e9dico pode optar por monitorar a condi\u00e7\u00e3o com exames regulares, sem tratamento imediato.\n<br><br><\/li>\n<li>Cirurgia: A prostatectomia radical envolve a remo\u00e7\u00e3o da pr\u00f3stata e ves\u00edculas seminais e os linfonodos op\u00e7\u00e3o comum para c\u00e2ncer localizado.\n<br><br><\/li>\n<li>Radioterapia: Pode ser externa (feixes de radia\u00e7\u00e3o direcionados ao tumor) ou interna (braquiterapia, onde sementes radioativas s\u00e3o implantadas na pr\u00f3stata). \u00c9 usada para tratar c\u00e2ncer localizado ou avan\u00e7ado.\n<br><br><\/li>\n<li>Hormonioterapia geralmente utilizada como adjuvante no tratamento em alguns casos e em casos de doen\u00e7a avan\u00e7ada (met\u00e1stases).<br><br><\/li>\n<li>Quimioterapia: Utilizada principalmente para c\u00e2nceres mais avan\u00e7ados ou quando outros tratamentos n\u00e3o funcionam. Envolve o uso de medicamentos para matar c\u00e9lulas cancer\u00edgenas.\n<br><br><\/li>\n<li>Terapias direcionadas e imunoterapia: Novas op\u00e7\u00f5es que visam especificamente caracter\u00edsticas do c\u00e2ncer ou ajudam o sistema imunol\u00f3gico a combater a doen\u00e7a.\n<br><br><\/li>\n<li>Tratamentos experimentais: Ensaios cl\u00ednicos podem oferecer acesso a novas terapias em desenvolvimento.<br><br>O tratamento correto do c\u00e2ncer de pr\u00f3stata \u00e9 essencial para preservar a qualidade da vida sexual. Tecnologias avan\u00e7adas e minimamente invasivas, como a cirurgia rob\u00f3tica, auxiliam na recupera\u00e7\u00e3o do paciente, reduzindo tamb\u00e9m os riscos de incontin\u00eancia urin\u00e1ria e disfun\u00e7\u00e3o er\u00e9til. A retomada da ere\u00e7\u00e3o depende de v\u00e1rios fatores, incluindo os cuidados ap\u00f3s a cirurgia, a idade do paciente e o est\u00e1gio da doen\u00e7a. Consulte seu m\u00e9dico para orienta\u00e7\u00f5es.<br><br><br><\/li>\n<\/ul>\t\t\t\t\t\t\t\t<\/div>\n\t\t\t\t<\/div>\n\t\t\t\t\t<\/div>\n\t\t\t\t<\/div>\n\t\t<div class=\"elementor-element elementor-element-35da81c5 e-flex e-con-boxed e-con e-parent\" data-id=\"35da81c5\" data-element_type=\"container\" data-settings=\"{&quot;background_background&quot;:&quot;classic&quot;}\">\n\t\t\t\t\t<div class=\"e-con-inner\">\n\t\t<div class=\"elementor-element elementor-element-6815af6a e-con-full e-flex e-con e-child\" data-id=\"6815af6a\" data-element_type=\"container\">\n\t\t\t\t<div class=\"elementor-element elementor-element-2c826ca5 elementor-widget elementor-widget-text-editor\" data-id=\"2c826ca5\" data-element_type=\"widget\" data-widget_type=\"text-editor.default\">\n\t\t\t\t<div class=\"elementor-widget-container\">\n\t\t\t\t\t\t\t\t\t<p>Santa Casa de Porto Alegre<br \/>\u00a9 2023 Todos os direitos reservados.<\/p>\t\t\t\t\t\t\t\t<\/div>\n\t\t\t\t<\/div>\n\t\t\t\t<\/div>\n\t\t<div class=\"elementor-element elementor-element-7bc0d96d e-con-full e-flex e-con e-child\" data-id=\"7bc0d96d\" data-element_type=\"container\">\n\t\t\t\t<div class=\"elementor-element elementor-element-5cc7eca6 elementor-widget elementor-widget-text-editor\" data-id=\"5cc7eca6\" data-element_type=\"widget\" data-widget_type=\"text-editor.default\">\n\t\t\t\t<div class=\"elementor-widget-container\">\n\t\t\t\t\t\t\t\t\t<p><strong>Central de Agendamento<br \/><\/strong>(51) 3214-8000<br \/>Rua Professor Annes Dias, 295<br \/>Centro Hist\u00f3rico, Porto Alegre &#8211; RS<br \/>CEP 90020-090<\/p>\t\t\t\t\t\t\t\t<\/div>\n\t\t\t\t<\/div>\n\t\t\t\t<\/div>\n\t\t<div class=\"elementor-element elementor-element-4f2e7121 e-con-full e-flex e-con e-child\" data-id=\"4f2e7121\" data-element_type=\"container\">\n\t\t\t\t<div class=\"elementor-element elementor-element-486d402e elementor-widget elementor-widget-image\" data-id=\"486d402e\" data-element_type=\"widget\" data-widget_type=\"image.default\">\n\t\t\t\t<div class=\"elementor-widget-container\">\n\t\t\t\t\t\t\t\t\t\t\t\t\t\t\t<img decoding=\"async\" width=\"800\" height=\"800\" src=\"https:\/\/santacasa.org.br\/prevencao\/wp-content\/uploads\/2024\/09\/Design-sem-nome-2024-09-30T161707.219.png\" class=\"attachment-large size-large wp-image-1230\" alt=\"\" srcset=\"https:\/\/santacasa.org.br\/prevencao\/wp-content\/uploads\/2024\/09\/Design-sem-nome-2024-09-30T161707.219.png 1000w, https:\/\/santacasa.org.br\/prevencao\/wp-content\/uploads\/2024\/09\/Design-sem-nome-2024-09-30T161707.219-300x300.png 300w, https:\/\/santacasa.org.br\/prevencao\/wp-content\/uploads\/2024\/09\/Design-sem-nome-2024-09-30T161707.219-150x150.png 150w, https:\/\/santacasa.org.br\/prevencao\/wp-content\/uploads\/2024\/09\/Design-sem-nome-2024-09-30T161707.219-768x768.png 768w\" sizes=\"(max-width: 800px) 100vw, 800px\" \/>\t\t\t\t\t\t\t\t\t\t\t\t\t\t\t<\/div>\n\t\t\t\t<\/div>\n\t\t\t\t<\/div>\n\t\t\t\t\t<\/div>\n\t\t\t\t<\/div>\n\t\t\t\t<\/div>\n\t\t","protected":false},"excerpt":{"rendered":"<p>Tratamentos Vigil\u00e2ncia ativa: Para casos de c\u00e2ncer de pr\u00f3stata de baixo risco e crescimento lento, o m\u00e9dico pode optar por monitorar a condi\u00e7\u00e3o com exames regulares, sem tratamento imediato. Cirurgia: A prostatectomia radical envolve a remo\u00e7\u00e3o da pr\u00f3stata e ves\u00edculas seminais e os linfonodos op\u00e7\u00e3o comum para c\u00e2ncer localizado. Radioterapia: Pode ser externa (feixes de [&hellip;]<\/p>\n","protected":false},"author":1,"featured_media":0,"parent":0,"menu_order":0,"comment_status":"closed","ping_status":"closed","template":"","meta":{"footnotes":""},"class_list":["post-1560","page","type-page","status-publish","hentry"],"_links":{"self":[{"href":"https:\/\/santacasa.org.br\/prevencao\/wp-json\/wp\/v2\/pages\/1560","targetHints":{"allow":["GET"]}}],"collection":[{"href":"https:\/\/santacasa.org.br\/prevencao\/wp-json\/wp\/v2\/pages"}],"about":[{"href":"https:\/\/santacasa.org.br\/prevencao\/wp-json\/wp\/v2\/types\/page"}],"author":[{"embeddable":true,"href":"https:\/\/santacasa.org.br\/prevencao\/wp-json\/wp\/v2\/users\/1"}],"replies":[{"embeddable":true,"href":"https:\/\/santacasa.org.br\/prevencao\/wp-json\/wp\/v2\/comments?post=1560"}],"version-history":[{"count":16,"href":"https:\/\/santacasa.org.br\/prevencao\/wp-json\/wp\/v2\/pages\/1560\/revisions"}],"predecessor-version":[{"id":1724,"href":"https:\/\/santacasa.org.br\/prevencao\/wp-json\/wp\/v2\/pages\/1560\/revisions\/1724"}],"wp:attachment":[{"href":"https:\/\/santacasa.org.br\/prevencao\/wp-json\/wp\/v2\/media?parent=1560"}],"curies":[{"name":"wp","href":"https:\/\/api.w.org\/{rel}","templated":true}]}}